t s be d(3). Let l(r) = -3 - 4 - r**s + 5 - 3*r. Let g(u) = -u - 1. Let z be g(3). Calculate l(z).
-6
Let f(a) = -3*a + 5 - 2 + a**2 + 5*a. Suppose 1108*j + 22 = 1097*j. Determine f(j).
3
Let x(u) be the third derivative of -1/8*u**4 + 1/2*u**3 + 0 - 6*u**2 + 0*u. Calculate x(3).
-6
Let z(q) = q**3 - 11*q**2 + 9*q + 12. Let c be z(10). Let w(r) = r**2 + 13*r + 1. Let o(u) = 3*u. Let h(p) = 9*o(p) - 2*w(p). Give h(c).
-8
Let t(x) be the third derivative of 0 + 0*x**5 + 1/6*x**3 + 2*x**2 + 1/24*x**6 - 1/24*x**4 + 0*x. What is t(1)?
5
Let q be (4/(-3))/((-8)/300*5). Let l(g) = -g**2 + 9*g + 5. Determine l(q).
-5
Let c(j) = 5*j**3 + 12*j**2 + 10*j - 14. Let f(o) = -2*o**3 - 4*o**2 - 3*o + 5. Let w(v) = -3*c(v) - 8*f(v). Calculate w(5).
-3
Let d(i) = 3*i - i - 4*i + 4 + 1. What is d(-6)?
17
Let n(c) be the second derivative of c**6/120 + c**5/15 + c**4/12 + c**3/6 + c**2/2 - 3*c. Let r(x) be the first derivative of n(x). Determine r(-4).
-7
Let h(b) = -b - 5*b**2 - 2*b**3 + 3*b**2 - b**3. Let f be h(-1). Suppose f*y = -2*n + 5*n - 12, -5*n + 20 = 2*y. Let m(w) = w - 1. What is m(y)?
-1
Let k = -1 + 3. Let i = -1 + k. Let s(a) = 0*a**2 - 4 - a**2 + i - 5*a. What is s(-3)?
3
Let p(j) = -15*j**3 + 4*j**2 + 6*j - 6. Let w(q) = 7*q**3 - 2*q**2 - 3*q + 3. Let i(n) = 6*p(n) + 13*w(n). Let h be (-1)/(-3) - 5/(-3). Calculate i(h).
-3
Let q = 4 + -14. Let l(i) = -i + 5 - i - 20. Let v be l(q). Let n(j) = 2*j - 7. Give n(v).
3
Let x(d) be the first derivative of -d**3/3 - 3*d**2 - 2*d + 8. What is x(-4)?
6
Suppose -n + 0*n = 3. Let p(t) = -6*t - 3*t**2 - t**3 + 1 - 3*t + 10*t. Let h be p(n). Let o(c) = -c**2 - c + 2. Determine o(h).
0
Let d(j) = -4*j + 10 - j - 4 + 12*j. Let k(h) = 3*h + 3. Let n(y) = 3*d(y) - 5*k(y). What is n(-2)?
-9
Let z(p) be the third derivative of -p**5/30 - p**4/12 + p**3/6 - p**2. Suppose -4*n = k + 12, n + 0 = k + 7. Let u be 15/12 - (-2)/k. Calculate z(u).
-3
Let b(y) = 2*y**3 - y**3 - 1 + 1 - 2. Let x = 1 - 1. Give b(x).
-2
Let d = 3 + 0. Suppose 4*l + d*q = 17, -4*q = -l - 8 - 2. Let f(p) be the first derivative of -p**3 + 3*p**2/2 + 3. Give f(l).
-6
Let q(w) = w**3 + 5*w**2 - 6*w + 2. Suppose 60 = -5*n - 5*n. What is q(n)?
2
Let v(b) = -b**3 - b**2 + 1. Let a(u) = 5*u**3. Let h(x) = a(x) - v(x). Suppose 13 = -4*i - 5*d, -2*d - 2 + 1 = 3*i. Suppose -4*k - 1 = -i*k. What is h(k)?
-6
Let w(y) = 2*y + 2*y - 3*y - 5 - 2*y. Calculate w(-6).
1
Let a(n) = -n + 4. Let f = -2 + 6. Give a(f).
0
Let s(z) = z**2 + 8*z + 5. Let q be s(-7). Let r(d) = 2*d**2 + 3*d + 3. What is r(q)?
5
Let h(l) = 5*l**2 + 2*l - 1. Let t be -2 - (1 - (5 - 0)). Suppose -t*p - s = -7, -3*s - 3 = -12. Let g = p - 1. Give h(g).
6
Let z(l) = -4*l. Let h be 3 - (-4)/(-12)*6. Give z(h).
-4
Let o(r) = 4*r**2 + 0*r - 3*r**2 + r**3 - 2*r. Calculate o(-3).
-12
Let l(k) = -7*k**2 - 6*k + 15. Let o(d) = 3*d**2 + 3*d - 7. Let j(q) = -4*l(q) - 9*o(q). What is j(2)?
1
Let f(c) = c**2 - 9*c + 7. Suppose 0*x = -8*x + 48. Determine f(x).
-11
Let k(w) = -w**2 + 3. Let u(i) = i**2 + i - 2. Let t(x) = -5*k(x) - 4*u(x). Let m(y) = -y**2 - 6*y - 3. Let l be m(-3). What is t(l)?
5
Let v(f) = f + 11. Let x(y) = -y - 10. Let t(m) = 3*v(m) + 4*x(m). Determine t(-9).
2
Let z(k) be the first derivative of k**4/4 - k**2/2 - 2. Let i(b) = 5*b**3 + 4*b**2 - 9*b + 4. Suppose -1 = 2*n + 1. Let u(t) = n*i(t) + 6*z(t). Determine u(3).
-4
Suppose 4 = -5*g - 1. Let c(q) = 9*q**2 + 1. Let y(u) = 9*u**2 + 1. Let i(a) = 5*c(a) - 6*y(a). Determine i(g).
-10
Let n = -16 + 19. Let q(g) = -g**3 + 4*g**2 - 2*g + 2. Calculate q(n).
5
Let q be 7/(-2)*(-140)/49. Suppose -2*p - 3 = -35. Let o = q - p. Let y(f) = -f**3 - 7*f**2 - 7*f - 9. Calculate y(o).
-3
Let h(z) be the first derivative of z**2/2 - 4*z + 2. Let v(n) = n**3 + 8*n**2 + 13*n + 10. Let i be v(-6). Determine h(i).
0
Suppose 0 = -17*m + 84 - 16. Let v(c) = c**3 - 5*c**2 + c + 1. What is v(m)?
-11
Let h(y) = -2*y**3 - 4*y**2 - 3*y - 1. Let u be h(-2). Suppose 4*t = 3 + u. Let z(k) = -7*k - k**t + 3 + 2 - 3. Determine z(-6).
8
Let q(n) = -n**2 - 5*n - 3. Let f be q(-2). Suppose -5*s = -15 - 5. Let d(c) = 3 + c**3 - s*c**2 + 4*c - 4*c. Give d(f).
-6
Let l(w) = 4*w + 1. Let a(s) = -5*s - 2. Let q(o) = 3*a(o) + 4*l(o). Let z = 11 - 2. Suppose p + 3 = t, 3*p = 2*t - 3*t - z. Give q(t).
-2
Let p be (1 + 1 - 9) + 4. Let f(w) = -6*w**3 - 3*w**2 - 7*w - 5. Let h(d) = -d**3 - d - 1. Let z(i) = f(i) - 5*h(i). Give z(p).
6
Suppose -14*h = -9*h. Let l be (h - 0)*(4 + -3). Let u(k) = -k - 8. What is u(l)?
-8
Let w(p) be the second derivative of -p**3/6 + p**2 - 2*p. What is w(-2)?
4
Let j(q) = -2 - q**2 + 2 - 2*q - 4. Let a = -168 + 165. What is j(a)?
-7
Let m(r) = -3*r - 6. Let n be m(-4). Let t(y) = y**3 - 6*y**2 + y - 3. Determine t(n).
3
Let y(i) = 2*i + 2. Let p(a) = -4*a - 3. Let t(f) = -3*p(f) - 7*y(f). Calculate t(-5).
5
Let f be 2/((-2)/6 + 1). Let x(r) be the third derivative of 1/120*r**6 + 0*r + r**2 + 0*r**4 + 1/2*r**3 - 1/20*r**5 + 0. What is x(f)?
3
Let k = -33 - -36. Let j(m) = m. Determine j(k).
3
Let h(t) = t**2 - 5*t - 3. Let f = 0 + 8. Suppose -3 = m - f. Determine h(m).
-3
Let c(h) = 7*h**3 + 9*h**2 + 15*h - 17. Let w(m) = -4*m**3 - 4*m**2 - 8*m + 9. Let d(u) = 3*c(u) + 5*w(u). Calculate d(-6).
0
Let i(s) = 3*s**3 - 8*s**2 + 9*s - 1. Let r(a) = -2*a**3 + 7*a**2 - 8*a. Let v(g) = -3*i(g) - 4*r(g). Calculate v(-5).
3
Let g(y) be the second derivative of -y**4/12 - y**3/2 + 5*y**2/2 - 10*y - 1. Let m be (16/10)/(-2)*5. Give g(m).
1
Let d(m) = -m**3 - 4*m**2 + 7*m + 6. Let u be (-2*(-3 - -2))/(4/(-10)). Give d(u).
-4
Let u(y) = 1 + 3 + y**3 - 2*y - 643*y**2 + 646*y**2. Give u(-4).
-4
Let o(u) = -u**3 + u**2 - u - 4. Let b(w) = 2*w**3 - 3*w**2 + 3*w + 9. Let x(y) = -3*b(y) - 7*o(y). Suppose -5*g + 36 - 1 = 0. Let k = g - 10. Calculate x(k).
-2
Let b(f) be the first derivative of -7*f**3/3 + 7*f**2/2 + 8*f + 1. Let q(p) = 3*p**2 - 3*p - 4. Let o(c) = 2*b(c) + 5*q(c). Give o(0).
-4
Let p(v) = -6*v**2 - 7*v + 2. Let d(u) = u**2 - 1. Let c(g) = 3*d(g) + p(g). Let m(f) = 2*f**2 + 7*f. Let o(z) = 3*c(z) + 4*m(z). Determine o(5).
7
Let p(k) = -2*k**3 - 2*k + 5 - 2*k**2 + 5*k**3 - 9 + 3. Let c be ((-1)/(0 - -1))/1. Determine p(c).
-4
Suppose 3*b - b - 6 = 0. Let f(d) = -5*d**2 + d**b + 10 - 7 + 3*d**2 - 3*d. Give f(2).
-3
Let n = -10 + 8. Let u(s) = -1 - 2*s + 6*s - 2*s. Give u(n).
-5
Suppose 4 = -7*w + 9*w. Let q(a) = a**2 + 3*a - 3. What is q(w)?
7
Let s = -13 + 18. Let w = s - 1. Let u(h) = -h**2 + 6*h - 3. Calculate u(w).
5
Let s(r) = 13*r**2 + 4*r + 20. Let h(w) = 3*w**2 + w + 5. Let u(y) = 9*h(y) - 2*s(y). Give u(0).
5
Let r(q) = -11*q - 12. Let c(w) = -10*w - 12. Let y(v) = -6*c(v) + 5*r(v). Let s(a) = -2*a - 4. Let i = 19 + -11. Let o(m) = i*s(m) + 3*y(m). Give o(6).
-2
Suppose 4 = -s - 3*a, -2*a = 2*s - 4*a. Let m = 0 - s. Let k(j) = m + 6*j + j**2 - 1. What is k(-5)?
-5
Let a(w) = -w**3 + 4*w**2 - w - 1. Let s = 14 - 10. Suppose -2*c + 6 = 4*y - 2, 2*c - 8 = s*y. Give a(c).
-5
Let s(h) = -h**3 - h**2 - h + 4. Let r(l) = l**3 - 5. Let n(c) = 5*r(c) + 6*s(c). Determine n(-4).
-9
Suppose -x + 4*k - 17 = 0, 2*k - 2 = -4*x + 4*k. Let s(a) = a**2 - 3*a - 5. Let p(n) = 1. Let h(m) = 6*p(m) + s(m). What is h(x)?
1
Suppose -7 + 32 = 5*x. Let v(c) be the second derivative of c**4/12 - 5*c**3/6 + 3*c**2 + 5*c + 4. Calculate v(x).
6
Suppose 2*c - 2 - 6 = -2*f, c + 2 = 5*f. Let b(o) = -1 + 8*o - 5*o + c. Give b(-3).
-7
Let c(n) = -n**2 - 2*n + 5. Let b be c(-5). Let i be 5/b - 3/(-2). Let l(a) = 2*a - 1. Calculate l(i).
1
Let m be 2/(-10) - (-126)/5. Suppose -4*k = k + m. Let t(s) = -s**2 - 6*s - 3. Give t(k).
2
Let y(r) = 12*r**2 + 2*r - 1. Let o be y(1). Let d(k) = -k + 14. Let v be d(o). Let z(h) = 2*h**3 + h**2. Give z(v).
3
Let h = 1 - 1. Let a(b) = 4*b**2 - b + 3*b**2 + 0*b**2 - 1 - 6*b**2. Give a(h).
-1
Suppose 3*v = -4*j + 27, -19 = -4*v - j + 4. Let b be 1*-5 + v + -6. Let p(o) = -o**2 - 8*o - 7. What is p(b)?
5
Let b = 0 - 6. Let z(u) be the second derivative of -u**3/6 - 2*u**2 + 3*u. What is z(b)?
2
Suppose 0 = 5*b + 2*k - 44, b + 5*k - k - 16 = 0. Suppose 3*p = -p + b. Let q(c) = -3 + p - 2*c - 2*c + 3*c. Determine q(-3).
2
Let w(n) = n**3 + 6 + 19*n + 8*n**2 + 17*n - n**2 - 30*n. What is w(-6)?
6
Let y(t) be the second derivative of t**2 + 